*2 - 12*h + 28. Let a be t(-14). Suppose -197 = -r - i + 132, -5*r - 3*i + 1635 = a. Let j = -190 + r. What is the units digit of j?
4
Let r = 1334 - 647. Suppose 15*u - r = 5223. What is the units digit of u?
4
Suppose -21 = 2*a - 37. Suppose 5*h = -z + 682, -h - a = -5*h. What is the units digit of z?
2
Let x = -364 + 381. Suppose 1691 = 36*y - x*y. What is the tens digit of y?
8
Let s = 21 - 14. Let x = -4 + s. Suppose 50 = x*y + 2*y. What is the tens digit of y?
1
Let i = -7485 + 12695. What is the thousands digit of i?
5
Let t = -35 + 79. Let d be 14/70 - t/(-5). Let i = d + -7. What is the units digit of i?
2
Let r(c) = -326*c - 54. Suppose -o - 4 = 2*l + 2, -l - 9 = 2*o. What is the units digit of r(o)?
0
Let x be ((-3)/(-3))/(-1) - (5 + -9). Suppose 20*q - 1518 = -2*f + 19*q, x*q - 3796 = -5*f. What is the tens digit of f?
5
Let u(r) = -5*r**2 + 36*r - 21. Let j(b) = -11*b**2 + 73*b - 41. Let x(l) = 6*j(l) - 13*u(l). What is the hundreds digit of x(-17)?
2
Let f = 4382 - 3720. What is the tens digit of f?
6
Let o = 82 - 71. Suppose 0 = 8*g - o*g + 9. Suppose 82 = -g*z + 544. What is the units digit of z?
4
Let g(b) be the second derivative of 5*b**4/4 - 5*b**3/3 - 56*b**2 + 114*b. What is the units digit of g(-7)?
3
Let w be (-27)/15 + 2 - (-14)/5. Suppose -369 = -w*i - 6*i. Let h = -32 + i. What is the units digit of h?
9
Let p(f) = -11*f**2 - 9*f - 2. Let g(j) = -14*j**2 - 8*j - 1. Let s(u) = -3*g(u) + 2*p(u). What is the tens digit of s(2)?
9
Let f = -373 - -388. Suppose 7*q - 6116 = -f*q. What is the tens digit of q?
7
Suppose -54819 - 192317 = -16*y. What is the hundreds digit of y?
4
What is the tens digit of (-16530)/(-60)*148/2?
8
Suppose 2795 = 187*n + 25422. Suppose 1167 = 4*o - 93. Let a = o + n. What is the units digit of a?
4
Suppose -4*o + 456459 = 8*i - 93513, -2*i + 5*o = -137499. What is the tens digit of i?
4
What is the tens digit of (-26546)/(-65)*20 - (-8)/(-2)?
6
Let x(n) = 1198*n**3 + 16*n**2 - 28*n + 23. What is the thousands digit of x(4)?
6
Let c be 2/((-85)/87 + 1). Let r = c - 9. What is the units digit of r?
8
Let s(a) = 10 + 3 + 29*a - 6 + 3. Let f = -6 - -10. What is the units digit of s(f)?
6
Let r be ((-72)/4788)/((-3)/21) + (-245)/(-19). Suppose 2*l + 0 = -4*i + 4, 0 = -5*l + 3*i + 10. What is the units digit of 3 + r/(l/6*1)?
2
Let y be (-26)/(-6) - 8*4/96. Suppose j - 6*j - 391 = -3*u, -2*u + y*j + 262 = 0. What is the tens digit of u?
2
Suppose a + 3*d + 0*d - 7259 = 0, 12 = -4*d. What is the units digit of a?
8
Suppose 11*i - 12*i = -3. Suppose -i*p + 13 = 5*d - 7, d - 4 = 3*p. Suppose -184 - 276 = -3*k - q, p = 5*k + 4*q - 755. What is the hundreds digit of k?
1
Let n be -5 - (-14 - 8/(-2)). Suppose 0 = -61*v + 63*v + n*s - 9, -5*v - 3*s + 51 = 0. What is the tens digit of v?
1
Let p(g) = 28*g**2 + 12*g. Let r be p(-4). Suppose -392*w - 680 = -r*w. What is the units digit of w?
5
Let r(t) = -t**2 - 23*t + 16. Let v be r(-24). What is the tens digit of 693/(-2)*v/48*4?
3
Let q = 3957 - 2527. Let t = q - 952. What is the units digit of t?
8
Let i be (-5)/(1 + 4) + 3. Suppose 3*t = -t + 8. Suppose v + t*j = 174, 3*v - j + i*j = 502. What is the units digit of v?
6
Let w(k) = 22*k**2 + 14*k - 45. Suppose -63 = -4*a - 51. What is the tens digit of w(a)?
9
Suppose -5*t - 57 + 52 = 0. What is the hundreds digit of t + 6 - 3 - -264?
2
What is the tens digit of 17150*(175/(-30) + (-10)/60 + 7)?
5
What is the tens digit of (30863/(-7)*-1)/1?
0
Let v(m) = 0*m - 6*m**3 - 2*m**3 + 1 + 8*m**2 + m**3 + m - 4*m**3. What is the tens digit of v(-4)?
2
Let q = -8 + -1. Let p be 60/25 - q/15. Suppose 5*x + 3*s = 499, -p*x + 282 = -0*x - 4*s. What is the units digit of x?
8
What is the hundreds digit of 5 - 290563/(-98) - (-9)/126?
9
Let q(h) = -89 + 34 - 15 - 145*h + 30. What is the units digit of q(-3)?
5
Suppose 40 = 5*p + 5*g - 50, 0 = p - 4*g - 38. Suppose p*l + 25*l - 22889 = 0. What is the units digit of l?
7
Let z(a) = 53*a**2 + 11*a - 18. Let s(r) = -52*r**2 - 10*r + 18. Let c(t) = -5*s(t) - 4*z(t). What is the units digit of c(4)?
4
Suppose 0 = 3*b + 2*r - 25263, -2*b + 17*r = 12*r - 16823. What is the units digit of b?
9
Let v(y) = -5*y - 18. Let x be v(20). Let d = -94 - x. Let t(b) = b + 22. What is the tens digit of t(d)?
4
Let d be 6/21 - (5 + 75/(-7)). Let v(b) = 2*b**2 - 3*b - 16. Let n be v(d). Let u = n + 76. What is the units digit of u?
4
Suppose -6*g + 3320 = -46*g. Let t = g - -392. What is the hundreds digit of t?
3
Let k(o) = 31*o**3 + 3*o**2 + 5*o - 5. Let h be k(3). Let u = -466 + h. Suppose 54 = -6*s + u. What is the tens digit of s?
5
Suppose 3*j - 2080 - 640 = -5*d, -30 = 6*d. What is the units digit of j?
5
Suppose -129 = -5*p - 3*a, -p - a + 123 = 4*p. Suppose -25*r + 48 = -p*r. What is the tens digit of r?
4
Let i(y) = 4773*y + 1057. What is the ten thousands digit of i(17)?
8
Let u(r) = 9*r - 110. Let m be u(13). What is the hundreds digit of (0 - -371) + (m - 12)?
3
Let s = 43 - 37. Suppose 9*f - 2415 = -s*f. What is the hundreds digit of f?
1
Suppose -5*c = -c - 3*m - 665, -4*c = 3*m - 671. Let q(s) = -7*s + 80. Let h be q(11). What is the hundreds digit of (c/h)/((-46)/6 - -8)?
1
Suppose 53*v - 167952 - 21152 = 0. What is the thousands digit of v?
3
What is the units digit of 4/14 - 180/9*53373/(-42)?
6
Let u = 10062 - -1195. What is the thousands digit of u?
1
Suppose -47808 = -16*q - 6816. Suppose q = f + f. What is the tens digit of f?
8
Suppose 5430 = a + y, 4*a + 40*y - 44*y = 21672. What is the thousands digit of a?
5
Let f(z) = 4*z - 26. Let k be f(9). Suppose -2*q = -2*i + 428, k*i - 856 = 6*i + 3*q. What is the units digit of i?
4
What is the units digit of (18357/(-2))/((-552)/368)?
9
What is the tens digit of (-2340)/(-24)*7/(21/446)?
9
Let d = -3537 - -3491. Let p = -22 + 13. Let q = p - d. What is the units digit of q?
7
Let l = -73 - -20. Let b = l + 56. What is the tens digit of (-1354)/(-8) + 0 - b/12?
6
Suppose -4*w = -2*j + 8, -3*j + 2*w + 9 = 1. Suppose -j*h - 38 = -3*h. Suppose p + h = x + 7, -2*x - 4*p + 68 = 0. What is the tens digit of x?
3
Suppose 129120 + 978610 = 65*c. What is the hundreds digit of c?
0
Let t(c) = 12249*c - 7405. What is the hundreds digit of t(6)?
0
Let g(q) = 3*q + 30. Let o be g(-10). Let u(b) = 5*b + 210. What is the hundreds digit of u(o)?
2
Let r = -2811 - -12030. What is the tens digit of r?
1
What is the units digit of (-7172)/(-1) + (-24)/60*-25?
2
Let p(t) = 2*t - 8. Let l be p(6). Let y be ((-12)/(-8))/(-11 + 184/16). Suppose -119 = -7*j + 2*j - y*f, 0 = 2*f + l. What is the units digit of j?
5
Let g = 183 - 180. Let l(x) = 4*x**3 - 4*x**2 - x + 8. What is the units digit of l(g)?
7
Let p(r) = -r**3 - 15*r**2 - 13*r + 8. Let b be 21*(4 - (-70)/(-15)). Let n be p(b). What is the units digit of -7*(5 + -6)*n/(-7)?
6
Let s = 71883 - 36839. What is the ten thousands digit of s?
3
Let r(m) = -6*m**2 - 30*m + 4. Let x be r(-7). Let i = 303 + x. What is the hundreds digit of i?
2
Let j = -23 - -27. Suppose 7*u = j*u - 1047. Let f = -195 - u. What is the tens digit of f?
5
Let v = -57071 - -89843. What is the ten thousands digit of v?
3
Let f be 1398*(-10)/4*(-4)/5. Let h = -1531 + f. What is the thousands digit of h?
1
Suppose 0 = f - 1 - 3. Suppose 0 = u - i + f*i - 9, -4 = 4*u + 2*i. What is the units digit of (14 - 2)/(u/(-20))?
0
Suppose 26 = g - 6. Suppose x + 3 + 5 = 3*n, 4*n = -4*x - 80. Let f = g + x. What is the units digit of f?
5
Let y(s) be the first derivative of 154*s**3/3 + 5*s**2 - 25*s - 73. What is the tens digit of y(2)?
1
Let l be 1*(2 - 2)/(1 + 1). Suppose 2*z + n - 13 = 0, -4*z + 32 = 4*n - l. Suppose 3*p - 122 = -z*q, 3*p + q = 166 - 36. What is the units digit of p?
4
Suppose -10*c = 2*z - 5*c - 53, -3*z + 73 = c. What is the tens digit of z*(-4)/((-56)/553)?
4
Let s(q) = -127*q**3 + 16*q**2 + 19*q - 5. What is the hundreds digit of s(-6)?
8
Let s be (-2)/(-4)*(-172)/(-2). Let h(d) = -26*d - 66. Let k be h(-3). Let y = s + k. What is the units digit of y?
5
Let p be (0*(-3)/9)/1. Suppose 5*h + p*h = -0*h. Let d = h - -259. What is the units digit of d?
9
Let d(v) = 419*v - 3379. What is the tens digit of d(51)?
9
What is the units digit of ((-195)/(-4))/1*164304/189?
0
Suppose 4685 = -15*p - 3145. Let l = -